= u**3 + 4*u**2 + 3*u + 2. Let x be d(-3). Suppose q - 2 = -0*q. Let f(b) = q*b - 3*b - 2*b. What is f(x)?
-6
Let u(z) be the second derivative of -z**8/6720 + z**7/630 - z**6/720 - z**5/30 + z**4/4 - 3*z. Let b(d) be the third derivative of u(d). Determine b(4).
-8
Let z(s) = -2*s + 1. Let v = -17 - -17. Suppose 3*n - 2*n - 1 = v. Determine z(n).
-1
Let q(r) = 3*r**3 - r**2. Suppose -5*k + 5*c + 4 - 9 = 0, c = 5*k - 3. Determine q(k).
2
Let w be 1/(1 + 0) - 1. Let i(l) = 1. Let v(h) = 4*h - 25. Let a(r) = r - 6. Let y(t) = -9*a(t) + 2*v(t). Let b(c) = -i(c) + y(c). Calculate b(w).
3
Let s(v) = 7*v + 1. Let k = 31 + -29. What is s(k)?
15
Let f(s) be the first derivative of -s**4/4 - 4*s**3/3 + s**2/2 + 3*s + 7. Give f(-4).
-1
Let a(j) = j**3 - 4*j**2 - 7*j. Let k(v) = -4*v + 3*v - 3 + 3*v. Let b be k(3). Suppose -b*f + 10 = -5. Give a(f).
-10
Let f be 40/(-6)*6/(-8). Let z(h) = -2*h + 3. Calculate z(f).
-7
Let o(u) = 3*u**2 - 5*u - 11. Let c(m) = -5*m**2 + 7*m + 17. Let d(y) = -5*c(y) - 8*o(y). Suppose 46*w = 47*w + 3. What is d(w)?
-3
Let a(f) be the third derivative of 0*f**3 + f**2 + 0 + 0*f + 1/360*f**6 + 0*f**5 - 1/24*f**4. Let h(n) be the second derivative of a(n). Determine h(4).
8
Let i(c) = 2*c - 6. Let s(f) = 2*f - 7. Let p(b) = 6*i(b) - 5*s(b). Give p(4).
7
Let q(i) = 2*i**3 - 2*i**2 - 2*i. Let a be q(2). Suppose -2*s = -a*l - 2 + 16, 0 = 5*s + 4*l - 35. Let n = 4 - s. Let p(g) = -3*g**2 + g. Give p(n).
-2
Suppose p = 2*w - 6, 0*p = -3*w - p + 4. Let l(o) = 2*o**2 + 3*o - 3. Calculate l(w).
11
Let l = 3 + -1. Let y(k) = 0 - 5*k - 3*k**2 + 0 + 4*k**l. Give y(3).
-6
Let n(k) be the third derivative of -k**4/24 - 4*k**3/3 - 5*k**2. Suppose -4*w - 28 = -4*x, -4*x + 2 = -6. Give n(w).
-3
Let h(a) = -4*a + 1. Let t be ((-1)/(-2))/(3/(-48)). Let z be ((-28)/t)/7*2. Give h(z).
-3
Let i(s) = s**3 - 2*s**2 - 2*s + 2. Suppose -m = -0*m - 10. Suppose 3*c = -2*c + m. Calculate i(c).
-2
Let o(p) = -14*p - 11. Let i(n) = -5*n - 4. Let g(f) = -11*i(f) + 4*o(f). Calculate g(-2).
2
Let o(y) be the second derivative of y**8/6720 + y**7/420 + y**5/40 - y**4/4 - 2*y. Let j(a) be the third derivative of o(a). Determine j(-6).
3
Let c(a) = -a**2 + 5*a - 2. Suppose 5*x - 2*n = -0*n + 26, 3*n - 6 = 0. Calculate c(x).
-8
Let p(a) = -2*a**3 + 4*a**2 - a + 4. Suppose 6 = w + w. Calculate p(w).
-17
Let v(k) = -8*k**2 - 3 + 2 + 3 - 4*k + 5 - k**3. Give v(-7).
-14
Let m(j) be the third derivative of 3*j**2 + 5/6*j**3 + 0 + 1/120*j**6 - 1/10*j**5 - 1/24*j**4 + 0*j. Let c = -10 + 16. Calculate m(c).
-1
Let o = -4 - -2. Suppose 3*m + 2*m = 0. Let a = o + m. Let v(f) = 2*f + 3. What is v(a)?
-1
Suppose 3*k - 2*d - 3*d = 21, 2*k + 2*d = -2. Let j(u) = 3*u + 2 + u**2 + 1 - 7*u. Give j(k).
-1
Let d = -4 + 7. Let k(s) = -9 + 2*s**3 + s + 5*s**2 - 8*s - s**d. What is k(-6)?
-3
Let b(g) = -g**2 + g. Let c(r) = r**2 - 8*r + 7. Let a be c(8). Suppose -5*l - 3 = a. Let i = 4 + l. Determine b(i).
-2
Let w(u) = u**3 + 3 + 9*u - 2 - 2*u**3 - 7*u. Give w(2).
-3
Suppose 4*o + 16 = 3*y + y, 0 = -o + 2*y - 9. Let q = o - -1. Let v(u) = 6 - 3*u**2 + 2*u**2 + q. Give v(0).
8
Let r(i) = -2*i**2 - 5*i - 4. Suppose 19 = -3*z + 8*z - 2*q, -q = 2. Suppose 12 = -z*l + 3. Calculate r(l).
-7
Let b(r) = r**3 + 4*r**2 + 5. Let d = 0 + -4. Let x be d/(-14) + 60/(-14). Let y be -2*2/x - 5. Give b(y).
5
Let t(j) = -j**2 + 6*j + 3. Let n(x) = -2*x**2 + 7*x + 4. Let w(i) = -2*n(i) + 3*t(i). Let k = -21 - -12. Let q be k/6*(3 + -1). Determine w(q).
-2
Let o be (-7)/(0 - (-3 + 2)). Let s = 21 + o. Let k(u) = 2*u - 3*u + 1 - 4*u**3 + s*u**3 + u**2. Calculate k(1).
11
Suppose -1 = 2*m + 5*t, 3*t + 4 - 1 = -m. Let h(i) = -i**3 + 11*i**2 + 13*i - 10. Determine h(m).
2
Let w be 1*-2*1*-2. Let q(r) = 1 + 10 + r - w. Let c(u) = u**3 - u. Let d be c(1). Determine q(d).
7
Let z(l) = l**3 + 4*l**2 - l. Let v be 40/(-14) + (30/(-35))/6. Give z(v).
12
Let r = 13 + -8. Suppose -r*k = 5*s - 35, 4*k + 4*s - 20 = 2*s. Let j(c) = -1 + 2*c - 5*c**3 + 0 + 11*c**k. Calculate j(1).
7
Let x be 2/(-7) - 111/(-21). Let b(a) be the third derivative of a**5/60 - 7*a**4/24 + a**3 + 2*a**2. Give b(x).
-4
Let v(q) = q + 8. Let l be v(-4). Let b(c) = -l*c**2 - 2 + c**3 - 4*c + 4*c + c. Calculate b(4).
2
Let a = -16 - -19. Let w(n) = 5*n - 1. Give w(a).
14
Let b(g) = 15*g**2 + g + 2*g - g + 1 - 4*g**2. Determine b(-1).
10
Suppose 2*y + y = -k + 6, -4*y = 3*k - 3. Suppose -y*i = -7 - 2. Let c = i + 0. Let g(a) = a**3 - 2*a**2 - a + 1. What is g(c)?
7
Let h(o) = o**2 + 11*o - 1. Let y be h(-11). Let n(c) = -11*c**2 + 1. Determine n(y).
-10
Let w(b) = -4*b + 1. Let d be 6/(-2)*(-16)/6. Suppose d = r + r. Suppose -h = h - r. Calculate w(h).
-7
Let b(u) = 3*u + 2. Let o(i) = i + 1. Let c be o(-7). Let s = 8 + c. Determine b(s).
8
Let w(t) be the second derivative of -t**4/12 - t**3/6 - t**2 + 5*t. Let c(p) = p**3 + 5*p**2 - 6*p. Let d be c(-6). What is w(d)?
-2
Suppose 0 = -4*p - 4*b - 16, -2 = 5*p - b - 0. Let o(g) = -g + 1. Calculate o(p).
2
Let q(y) = 7*y**2 + y - 7. Let b(i) = 20*i**2 + 2*i - 21. Let f(k) = 6*b(k) - 17*q(k). What is f(5)?
-7
Let v(x) be the third derivative of x**6/120 - x**5/60 - x**4/8 - x**3/2 - x**2. Suppose 5*q - 3*y = -0*y + 9, 0 = 3*q + 4*y - 17. Give v(q).
6
Suppose s - 2*s - 2 = 5*d, 4*d = -2*s + 2. Let c(h) be the second derivative of -h**4/12 - h**3/3 - h**2/2 + 2*h. Determine c(d).
0
Let l(b) = 4 + 3*b**2 - 4*b + 8 - 13. Calculate l(3).
14
Let u(k) be the third derivative of k**6/120 - k**5/60 - k**4/24 + k**3/3 + 4*k**2. Determine u(0).
2
Let x(c) = -3*c - 1. Let j(b) = -2*b. Let t(i) = -5*j(i) + 4*x(i). Give t(-6).
8
Let g = 61 + -70. Let r(o) = -o**2 - 12*o - 5. Determine r(g).
22
Let j(b) = 4*b**2 + 7*b - 2. Let z(r) = -r**2. Let u(s) = -j(s) - 3*z(s). Let p be -1 + (-1 - 0) - 2. What is u(p)?
14
Let j(a) = a - 8. Let n(l) = -1. Let u(k) = j(k) - 4*n(k). Let f = -9 + 9. Give u(f).
-4
Let w(r) = 5*r + 0*r + 0*r + 3 - r**2 - 1. Suppose -54*u + 55*u = 5. Calculate w(u).
2
Let w be ((-48)/30)/(2/(-15)). Suppose w = -5*i + i. Let n(v) = -v**3 - 3*v**2 - 4*v - 1. Determine n(i).
11
Let g(t) = 8*t**3 - 5*t**2 + 10*t + 7. Let f(b) = -7*b**3 + 4*b**2 - 9*b - 6. Let h(c) = 7*f(c) + 6*g(c). Calculate h(-2).
6
Let u = 11 + -6. Let d(g) = -u + g**3 + 4*g + 0 + 5*g**2 + g**2. Let h be (-1 - (-3 + 0)) + -7. Give d(h).
0
Let s(c) be the third derivative of -17*c**6/120 - c**4/24 - c**2 - 15. Determine s(-1).
18
Let z(f) be the second derivative of f**4/12 - 7*f**3/6 + 9*f**2/2 - 37*f. Determine z(5).
-1
Let v be 2 + (-1 - (0 - -1)). Suppose v = 2*t + 2*t + 4. Let x(i) be the third derivative of -i**6/120 - i**5/60 - 2*i**2. Determine x(t).
0
Let a(c) = -c. Suppose -4*l + 8*l = 0. Suppose -2*x - 2 = -l. Let f(u) = -4. Let o(p) = x*f(p) - 3*a(p). What is o(-3)?
-5
Let m(l) = -20*l**2 - 14*l - 17. Let b(h) = -7*h**2 - 5*h - 6. Let f(r) = 17*b(r) - 6*m(r). Give f(3).
6
Let s(g) = -g. Let o(u) = u**2 - 8*u - 2. Let a(t) = o(t) - 6*s(t). Give a(3).
1
Let u(o) = o**2 - 3*o + 3. Let w(c) be the first derivative of -c - 4*c**2 - 2*c + 5*c**2 - 2. Let g be w(3). Give u(g).
3
Suppose -15 = -4*q + 1. Suppose -2*k = -4*h - k, -5*h - 21 = q*k. Let p(u) be the first derivative of -2*u**2 - u + 3. Calculate p(h).
3
Let k(v) = v + 8. Suppose -11*b = -6*b + 35. Let s = b + 1. Determine k(s).
2
Let l be 13/((-39)/18)*1. Let k(m) = 2*m + 5. Give k(l).
-7
Let y = 3 - 6. Let w = -1 - y. Let h be (w - 1) + (0 - -3). Let b(i) = 2*i - 1. Give b(h).
7
Let n(t) = -t**3 + 6*t**2 - 5*t + 4. Let r be n(5). Let u(a) = -4*a**2 + r*a**2 - 2*a**2 + 4 - 5*a. Give u(-4).
-8
Let j(h) be the second derivative of h**5/20 - 7*h**4/12 + 5*h**3/6 + 7*h**2/2 - 9*h. What is j(6)?
1
Suppose 5*h - 9 = 16. Let u(o) = -5*o - 1 + 2*o - 2*o + 7*o. Calculate u(h).
9
Let w(v) = -8*v + 16. Let u(m) = 3*m - 5. Let h(i) = -11*u(i) - 4*w(i). Let n be h(-5). Let s(c) = -c - 5. Calculate s(n).
-1
Let y(g) be the first derivative of 3/2*g**2 - 2 - 3*g - 1/2*g**4 + 2/3*g**3. Calculate y(2).
-5
Suppose 0 = -2*k + 12 - 4. Let q(h) = k - h**2 - h + 1 - 7. Calculate q(0).
-2
Let r(k) be the first derivative of 5*k**4/4 + 2*k**3/3 - k - 1. Let l(a) = -a**2 + 6*a + 1. Let g be (-10)/4*(-12)/5. Let c be l(g). Give r(c).
6
Suppose -4*a + 12 = -a. Suppose 0 = -2*g + a*g - 8. Let